5*m + 2*l. Suppose 0 = 10*t - 117 - m. Let h = t + -50. What is the greatest common divisor of h and 27?
27
Let v = -7885 - -7917. What is the highest common factor of v and 6?
2
Let l = -485685 + 485723. Suppose -d + 1 = f, 0 = -f - 3*f - d - 2. Let m = 1 - f. What is the greatest common divisor of l and m?
2
Let p = 44 + -16. Suppose -14*u = 42*u - 4704. Calculate the greatest common factor of p and u.
28
Let h(z) be the third derivative of z**6/120 - z**5/12 + z**4/6 - 5*z**3/6 - 6*z**2 - z. Let t be h(5). What is the highest common divisor of t and 30?
15
Let p be 6/7*1*21. Let j = -24 + 28. Suppose -14*s = -j*s - 1980. Calculate the highest common factor of p and s.
18
Let x(n) = -11*n - 5. Let c(b) = 2*b**2 - 4*b - 3. Let h be c(-1). Let m be (-70)/7*3/h. Let w be x(m). Calculate the greatest common factor of 15 and w.
15
Let p(u) = 17*u**2 - 4*u - 3. Let b(c) = c**2 - 14*c + 52. Let d be b(7). Suppose 13 + d = 4*g. Let q be p(g). What is the highest common factor of 23 and q?
23
Let r = 1260 - 900. Let k(g) = 1 - 17 - 6*g - 90*g**2 - 86*g**2 + 178*g**2. Let x be k(7). Calculate the greatest common divisor of r and x.
40
Let l = -31 - -33. Let f be ((-11)/(-22))/(l/52). Suppose 0 = 6*b - 41 - f. Calculate the greatest common divisor of b and 1.
1
Suppose 2*d - 12 = -d. Suppose -3*m - 5*p + 141 = -p, -m = -d*p - 63. Suppose 0 = 4*n + m - 195. Calculate the greatest common factor of 90 and n.
18
Let n = 1445 + -1350. What is the highest common divisor of n and 60?
5
Let y = 2008 + -2005. Calculate the greatest common factor of 573 and y.
3
Suppose 2*l + 799 = 5*x, 0 = -2*x - 8*l + 4*l + 334. Suppose 6*h - x = h - j, 3*h + j = 95. What is the highest common factor of h and 132?
33
Suppose 4*z + 11*y - 175 = 14*y, 0 = 4*z + y - 155. Let j be 200/z + 0 + 13. What is the highest common divisor of j and 6?
6
Let s be 11/(-165)*3 + (-181)/(-5). What is the greatest common factor of 212 and s?
4
Suppose 4*p + 33*y - 572 = 31*y, -429 = -3*p + y. Calculate the highest common factor of p and 7722.
143
Suppose 660 = 37*n - 1782. Calculate the greatest common divisor of n and 186.
6
Let p = 6453 + -5877. Suppose 2*r - 36 = r. What is the greatest common divisor of r and p?
36
Let n(v) = -v**3 + 10*v**2 - 5*v + 95. Suppose -15*k - 15*k + 300 = 0. Let g be n(k). Let s be 3*(2 - (-1)/1). Calculate the highest common factor of s and g.
9
Let q be 545 + (12 + -11)/(2/(-20)*2). Calculate the greatest common factor of q and 864.
108
Let t(w) = -w**2 + 36*w + 136. Let v be t(38). Suppose 0 = -3*x - 2 + 17. Suppose -x*j + 75 = -0*j. Calculate the greatest common divisor of v and j.
15
Suppose -6 = f + 54. Let d = 97 + f. Let i be (-5)/45 + 2332/9. What is the highest common divisor of i and d?
37
Suppose 0 = n + 3*r - 81, 22*r = 4*n + 24*r - 294. Calculate the highest common factor of n and 702.
18
Let i = 3 - -1. Let u be -3*(-2)/9*-3. Let p be (-7)/(56/4)*u. Calculate the greatest common divisor of i and p.
1
Suppose 2*y + 66 = 3*l, -4*l + 84 = 207*y - 211*y. What is the highest common divisor of l and 11352?
24
Let a = 134 - 130. Let w(c) = -17*c + 71. Let g be w(a). Calculate the greatest common factor of g and 8.
1
Let i(v) = -2442*v**3 + 2*v**2 + 2*v. Let n be i(-1). Suppose n = -354*t + 360*t. What is the highest common factor of t and 37?
37
Let l(u) = -u**3 + 24*u**2 - 15*u + 67. Let p be l(21). Calculate the greatest common factor of 25 and p.
25
Let k(q) = 3*q**2 - 55*q - 10. Let a(z) = z**2 - 10*z - 37. Let v be a(14). Let f be k(v). What is the highest common divisor of f and 644?
28
Suppose 0 = -4*a + 2*i + 2350, -6*a - 5*i = -a - 2945. Suppose -71*f = -65*f - a. Calculate the highest common divisor of 14 and f.
14
Let r = -177 + 236. Suppose -r = -j - 20. Let i = 188 + -32. Calculate the greatest common divisor of i and j.
39
Suppose -24 = -4*r, -192*x = -188*x - 5*r - 30. Calculate the highest common divisor of 189 and x.
3
Let z(l) = l**3 - 28*l**2 + 55*l - 91. Let w be z(33). What is the greatest common divisor of 67 and w?
67
Suppose 5*l = 3*l + 4*l. Suppose -2*q + 3*j = -0*j - 3, l = -4*q - 3*j - 39. Let t be (-1)/(9/(-888)) - 2/q. Calculate the highest common divisor of t and 9.
9
Let n be (105/25 - 4) + (-284)/(-5). Let h = -60 - -66. What is the highest common factor of h and n?
3
Let k = -443 + 445. Suppose 30*f - 35*f + k*u + 156 = 0, -3*f + 3*u + 99 = 0. Let s = -58 + 133. Calculate the highest common factor of s and f.
15
Let y = 164 + -110. Let m(d) = -3*d - 14. Let h be m(-6). Suppose 0 = h*g + 18 - 90. Calculate the greatest common divisor of g and y.
18
Let j(s) be the first derivative of -7*s**4 - s**3/3 + 3*s**2 + 7*s - 95. Let h be j(-1). Calculate the highest common factor of 98 and h.
14
Let y(c) = 61*c - 540. Let n be y(10). What is the greatest common factor of n and 2345?
35
Suppose -6*p + 27 = 3*p. Let u be 976/14 + p/((-42)/(-4)). What is the greatest common factor of u and 10?
10
Let p = 77 - 24. Let r = 65 - p. Suppose 8*h - r*h = -20. Calculate the highest common divisor of h and 5.
5
Let q = 10 + -187. Let i = -114 - q. What is the highest common divisor of i and 18?
9
Let n = -1300 - -1305. Let x(l) = l**2 - 6*l + 1. Let b be x(6). Suppose 24 = -n*k - b, 3*a - 115 = -k. What is the highest common factor of 5 and a?
5
Let z = -444 - -449. Suppose 0 = -z*v, 0*v + 760 = 2*p - 3*v. What is the highest common divisor of p and 20?
20
Let x be (-1)/((-10)/8) - 372/(-10). Suppose m - x = i + 2*m, 4*i - m + 147 = 0. Let r = i - -77. Calculate the greatest common divisor of r and 8.
8
Suppose -3*u - u = 0. Suppose u = 2*x - 33 - 9. Let m be ((-16)/3)/((-1)/x). What is the highest common factor of 14 and m?
14
Let h(x) = -19*x + 11 - x**3 - 20 - 17*x**2 + 6. Let n be h(-17). Calculate the highest common factor of n and 10.
10
Suppose 3 = 2*m - u, -2*m + 5*m - 32 = -4*u. Suppose 5*y = -m*s + 140, 2*s = 3*s + 5. What is the highest common divisor of y and 176?
16
Let l(h) = -h**3 + 21*h**2 + 22*h + 36. Let k be l(19). Calculate the greatest common divisor of 18 and k.
6
Let b be 168/144*84*(1 + (-609)/(-2)). Calculate the greatest common divisor of 49 and b.
49
Suppose 22*z + 40*z - 1488 = 0. Let y be 8/10 + (-5544)/(-20) + -2. Calculate the highest common factor of z and y.
12
Let k = -329 + 341. Let x be 4 + (-6 - -2 - -3). Suppose -3*v + x*q = -0*v - 27, 4*v = -q + 51. What is the greatest common divisor of k and v?
12
Let p be (12/(-2))/(-1 + 0). Let o(z) = -7*z + 2*z**2 - 8 + 2*z**2 + 6*z - 5*z. Let b be o(p). Calculate the greatest common divisor of 75 and b.
25
Let l(w) = 11*w**3 + 93*w**2 + 12*w - 16. Let q be l(-8). What is the highest common divisor of q and 91?
13
Suppose -446*j + 616 = -438*j. Calculate the greatest common factor of 143 and j.
11
Let m be (602/(-42) - -12)*(-12 + 3). Calculate the greatest common factor of m and 287.
7
Let v be (1 - -4) + 3 + -7. Let h be (v/3)/((-1)/3). Let l be 4*(-2 + -2)/h. Calculate the highest common factor of l and 64.
16
Suppose 4*l = w - 338, 2*w + 11*l - 685 = 10*l. Calculate the greatest common factor of 4275 and w.
171
Let h be ((-6216)/2 - (3 + -3))*(-8)/8. What is the greatest common divisor of 84 and h?
84
Suppose 4*k = -36, 0 = 2*p + 4*k + 123 - 695. What is the highest common factor of p and 5016?
152
Let w(z) = 6*z**3 - z**2 - 2*z + 3. Let d be w(-2). Let o = d + 57. Suppose -o*h + 11*h + 12 = 0. What is the greatest common divisor of 18 and h?
6
Let y(r) = r - 5. Let o be y(-9). Let a be (-111)/(-21) - o/(-49). Suppose -w - 2*p = -9, w = 4*p - a*p + 13. What is the highest common factor of 136 and w?
17
Let q = 2480 + 11645. Calculate the greatest common divisor of q and 125.
125
Suppose 0 = -3*w - 5*h + 598, 0 = 2*w + w - h - 568. Let a = w - 143. Calculate the greatest common factor of a and 144.
48
Let j(t) = 500*t - 550. Let k be j(6). Calculate the greatest common factor of k and 10.
10
Let y = 436 - 215. Let r = -206 + 223. Calculate the greatest common divisor of r and y.
17
Let x(g) = 45 + g**2 - 30 + 5*g**2 + g**2 + 4*g. Let c be x(-3). Let i = c - -44. What is the highest common divisor of i and 22?
22
Let d(q) = -284*q - 2555. Let a be d(-55). What is the highest common factor of 195 and a?
195
Suppose -11*p = -2336 - 194. Let y = 8 + p. What is th